he remainder when 51 is divided by b.
18
Suppose -3*h - y + 47 = 0, 8*y - 7*y = 5*h - 73. What is the remainder when 33 is divided by h?
3
Suppose 8*m - 42 = 3*m + 4*c, -2*m + 24 = -4*c. Let u = -80 - -83. Suppose 9*s - u*s - 84 = 0. Calculate the remainder when s is divided by m.
2
Let a be ((-2)/(-2))/((-55)/(-10) + -5). Suppose 0*o - 3*o + 5*b = -36, a*b = -5*o + 29. Calculate the remainder when 48 is divided by o.
6
Suppose -4*r - 3*q + 13 = 0, -3*r + 3*q + 26 = 2*q. Let u(g) = 4*g - 7*g + 21 + 2*g. Calculate the remainder when u(9) is divided by r.
5
Suppose -2*p - 3 = -1. Let m = 8 + p. Calculate the remainder when m is divided by 5.
2
Let t(c) = -c**3 + 13*c**2 - 9*c - 28. Let n be t(12). What is the remainder when 948/14 + 3*n/84 is divided by 35?
33
Let a = -50 - -87. Let d(v) = -4*v - 54. Let x be d(-18). Suppose x*t + 26 = 20*t. Calculate the remainder when a is divided by t.
11
Let h(n) = 3*n**2 + n. Let b be h(1). Suppose -b*l + 0*l = -j + 7, -3*j - 3*l = -6. Calculate the remainder when 9 is divided by j.
0
Let b(a) = -a**3 - a**2 - 26*a + 1257. Calculate the remainder when b(0) is divided by 15.
12
Let h = -4270 + 4305. Let k be 0/1 - 1/1. Calculate the remainder when k/(0 + -1) + 68 is divided by h.
34
Let t = 1541 + -1476. Calculate the remainder when 257 is divided by t.
62
Calculate the remainder when 122 is divided by ((-7)/(-7))/(1*(-2)/(-62)).
29
Let g = 239 + 25. Let v = 224 - 171. Calculate the remainder when g is divided by v.
52
Let o = -110 - -185. What is the remainder when o is divided by 10?
5
Suppose 468 = 8*g + 276. What is the remainder when 766 is divided by g?
22
Suppose 25*v + 11*v - 4212 = 0. What is the remainder when v is divided by 16?
5
Let p(v) = 15*v - 1. What is the remainder when p(3) is divided by 2/23 - (-820)/92?
8
Let x be (12/16)/((-4)/(-16)). Suppose 4*n + 5*f - 46 - 372 = 0, x*n - 296 = 5*f. Calculate the remainder when n is divided by 26.
24
Suppose -21 + 9 = -2*t. Let k = -4 + t. Calculate the remainder when 17 is divided by k.
1
Let h(f) = 16*f - 12. Calculate the remainder when h(6) is divided by -1 + 8/4 + 21.
18
Let j(x) be the third derivative of -x**4/6 + 2*x**3 - 8*x**2. What is the remainder when 9 is divided by j(1)?
1
Let i(f) = -6*f**3 + 3*f**2 + 2*f. Let b be i(-1). Suppose v + b + 3 = -3*h, 0 = h + 4. Calculate the remainder when (1/(-2))/((-1)/8) is divided by v.
0
Let x(w) = 13*w**2 + 6*w + 14. Calculate the remainder when x(-2) is divided by 19.
16
Suppose -5*g - 18 = 3*u - 5*u, 5*u - 78 = -4*g. What is the remainder when 45 is divided by u?
3
Let z = 33 + -27. Suppose -z*w = -w - 20. Calculate the remainder when 7 is divided by w.
3
Let d(r) = 3*r**3 + 4*r**2 - 3*r + 3. Let n be d(3). Let m = -72 + n. What is the remainder when m is divided by 8?
7
Let u(f) = 5*f**2 - 6*f + 1. What is the remainder when 194 is divided by u(3)?
26
What is the remainder when 1*4*(9 - 510/(-24)) is divided by 62?
59
Calculate the remainder when 223 is divided by (-648)/(-180)*(-200)/(-12).
43
Let r(d) = -d**3 + 4*d**2 + d - 5. Let y be 2/7 - (-76)/28. Suppose 3*m + 2*b - 7 = 0, 2*m = 2*b + 5 + y. Calculate the remainder when 18 is divided by r(m).
4
Suppose -270 = -44*n + 17*n. What is the remainder when n is divided by 4?
2
Let s(t) = 9*t - 4. Let r be s(2). Let k be 6*(r/4)/7. Let h = 8 - k. Calculate the remainder when h is divided by 3.
2
Let o(p) = -7*p**3 - 9*p**2 + 6. What is the remainder when o(-2) is divided by 24?
2
Suppose -8 = 4*x - g + 6*g, 0 = -5*x - 5*g - 10. Let o(f) = 11*f**2 - 20*f + 10. Calculate the remainder when (-18)/(x/3 - 0) is divided by o(2).
13
Let h(o) = -6*o + 35. Let m(y) = 11*y - 72. Let t(z) = 5*h(z) + 3*m(z). Calculate the remainder when t(19) is divided by 9.
7
Let g be (-2 - -1)*(-20)/(-8 - -4). Suppose -24 = -2*n + n. Calculate the remainder when 5 is divided by n/30*g/(-2).
1
Suppose 5*z + j - 2*j + 41 = 0, 3*z + j = -23. Calculate the remainder when (-1563)/(-21) + z/(-14) is divided by 39.
36
Suppose y = -3*c - 11, 3*y - 6 = 5*c + 17. Let w be (y + 0)*(3 + -5). Calculate the remainder when w + 1 - -2 - -37 is divided by 10.
8
Suppose 8*i - 2 = 166. Let s = -13 - 9. Let x = -11 - s. Calculate the remainder when i is divided by x.
10
Let j = -3 + 5. Suppose -3*d = -j*w - 122, -d - 2*d = 4*w - 116. What is the remainder when d is divided by 14?
12
Let v be ((-7)/(-14))/((-2)/8). What is the remainder when 27 is divided by (-1 - v) + 2 - -11?
13
Let z = 2492 - 1713. Calculate the remainder when z is divided by 13.
12
Let s(p) = 42*p**2 - p + 10. Let c be s(-8). What is the remainder when ((-2)/6)/((-22)/c) is divided by 11?
8
Let f = 2987 - 2409. What is the remainder when f is divided by 286?
6
Suppose 12*z - 10*z - 15 = -k, 3*z - 12 = -5*k. Calculate the remainder when (-2 - -2 - -16)*2 is divided by z.
5
Let m be 19/(-76)*2*2. Let z(k) = -20*k**3 - 2*k**2 - k. What is the remainder when z(m) is divided by 11?
8
Let v(i) = 13*i**2 + 82*i - 13. Calculate the remainder when 79 is divided by v(-7).
29
Suppose 171*p - 16 = 170*p. Calculate the remainder when 27 is divided by p.
11
Let b = -8 + 32. Suppose -2*m + o = -5, -11*o + 16*o = -5*m + 5. Suppose -m*v = 4*v - b. What is the remainder when 14 is divided by v?
2
Let f(j) = -4*j**2 + 57*j + 19. What is the remainder when f(8) is divided by 37?
34
Let r = 37 - 32. Suppose r*a - 87 = -4*n, 93 = 5*n + a - 0*a. What is the remainder when 70 is divided by n?
16
Suppose 5*m + 2485 = 4*l + l, 4*l - 1985 = 3*m. What is the remainder when l is divided by 33?
32
Let z(j) = j**2 - j - 2. Let k be z(4). Let g = 22 - k. Let r = 81 + -36. Calculate the remainder when r is divided by g.
9
Suppose -2*g + 57 = -2*m - 17, 3*g + 4*m = 90. Calculate the remainder when g is divided by 28.
6
Let p(h) = 14*h**2 + 13*h + 1. Calculate the remainder when p(-3) is divided by 31.
26
Suppose -5 - 1 = -a. Suppose 2*y = -5 + 11, 2 = -2*u + 2*y. Suppose 4*g = u*g + 8. What is the remainder when a is divided by g?
2
Suppose 23*t - 263 = 2451. Calculate the remainder when t is divided by 11.
8
What is the remainder when ((-524)/393)/((-2)/33) is divided by 6?
4
Suppose 21*g - 599 = 451. Calculate the remainder when g is divided by 11.
6
Let q(o) = 1066*o + 21. What is the remainder when q(1) is divided by 9?
7
Let o(d) = -112*d + 114. What is the remainder when 159 is divided by o(0)?
45
Let z(q) = -q**3 + 5*q**2 + 4*q + 15. Let w be z(6). Suppose -3*a - 4*h = -203, 2*a - h + 69 = w*a. Calculate the remainder when a is divided by 15.
13
Calculate the remainder when 64 is divided by (-585)/(-35) + (-9)/(-7) + -1.
13
Let o(f) = -f**2 - 8*f - 4. Suppose -5*y - 18 = b - 2*b, -3*b = 4*y + 22. What is the remainder when 43 is divided by o(y)?
7
Let y be ((-733)/(-7) - -1) + (-48)/(-168). Suppose 100 = 5*t + x, -3*t - 4*x = 2*t - 100. Calculate the remainder when t is divided by y/10 - 6/(-15).
9
Suppose 20*i + 3*w - 201 = 15*i, -i = w - 39. What is the remainder when 80 is divided by i?
38
Let f = 151 - 121. Let z = 8 + 0. What is the remainder when f is divided by z?
6
Let v = 32 + -19. Suppose 3*q - 89 - v = 0. Suppose 19*l = 15*l + 36. Calculate the remainder when q is divided by l.
7
Suppose 2*t - 3*t + 57 = -4*q, 2*t + 3*q - 59 = 0. Calculate the remainder when 72 is divided by t.
35
Let n(i) = 7*i + 1. Suppose -2*k + x - 5*x = -22, 0 = 4*k + 4*x - 28. Suppose -3*q + 21 + k = 0. What is the remainder when n(3) is divided by q?
6
Suppose 5*q = -3*z + 51, q + 2*z = -4*q + 49. What is the remainder when q is divided by 9?
0
Suppose 3*h + 7 + 5 = 0, -h + 20 = 2*q. Let s(c) = -3*c + 23 - 6*c + 10*c. What is the remainder when s(0) is divided by q?
11
Suppose -29 = -d - 2*d + a, 5*a = -3*d + 35. Suppose -2232 = -53*i + 312. Calculate the remainder when i is divided by d.
8
Let c be (-2 + 1)*1 + 4. Let v = 72 - 26. Suppose -c*k + 41 + v = 0. Calculate the remainder when 114 is divided by k.
27
Suppose -4406 = -117*r - 59*r - 1766. Suppose -5*c + 449 = 4. Calculate the remainder when c is divided by r.
14
Suppose 0 = -4*h + 5*g + 407, 179 + 233 = 4*h - 4*g. Suppose 0 = z + 2*z - h. Calculate the remainder when 24 is divided by 3/6 + z/8.
4
Suppose 3*t = -3, -61 = -4*h + 2*h + t. What is the remainder when 236 is divided by h?
26
Let h(i) = i**